 units digit of k(2)?
2
Let i(n) = -n**3 + 2*n**2 + n - 4. Let c be i(3). Let g(p) = -p**3 - 10*p**2 + 4*p + 6. Let s be g(c). What is the units digit of (9/(-6) + 1)*s?
7
What is the hundreds digit of ((-8)/6)/((-56)/5964)?
1
What is the tens digit of (152/3)/((-26)/(-39))?
7
Let t = 120 - 50. What is the tens digit of t?
7
Let k be 7 + 0 + (-4)/2. Suppose 0*l - k*l + 120 = 0. What is the tens digit of l?
2
Let j(z) = -z**2 - 4*z + 4. Let n be j(-4). Suppose 0*a + n*a = 28. What is the units digit of a?
7
Let r = -37 + 57. Suppose -r = -3*g + 34. What is the tens digit of g?
1
Suppose -5*g - 18 = 7. Suppose 3*n - 13 = -f, 3*f + 0*n = 3*n + 3. Let u = f - g. What is the units digit of u?
9
Let j(u) = u + 2. What is the units digit of j(2)?
4
Let z(g) = -g**3 - g**2 + g. Let s be z(0). Suppose 81 = 4*n - d, n + 2*d - 9 = -s*n. What is the tens digit of n?
1
Let i = -150 + 244. What is the units digit of i?
4
Suppose -26 = -0*j - j. What is the tens digit of j?
2
Let c be (-1 - 1/(-1))*1. Let z(q) = 2*q**2 + 4 + q**3 + q**2 - 4*q**2 + 3. What is the units digit of z(c)?
7
Let a(m) = 4*m**2 - m - 1. Let g be a(-1). Suppose -g*z + 6*z = 3*t + 38, -3*z + 4*t = -57. What is the units digit of z?
9
Suppose -30 = -3*l - 0. What is the units digit of l?
0
Suppose 4*r + 1240 = 12*r. What is the tens digit of r?
5
Let v(s) be the second derivative of -s**3/6 - 7*s**2/2 - 3*s. Let d be v(-9). What is the tens digit of 2 + 3*2 + d?
1
Let s = 18 - 12. Let o = s + -5. What is the units digit of o?
1
Let m(t) be the first derivative of 7/2*t**2 - 3*t - 2 - 1/3*t**3. What is the units digit of m(4)?
9
What is the tens digit of 20/16*8/1?
1
Let m(f) = -13*f - 5. What is the units digit of m(-8)?
9
Let v = 310 - 208. What is the units digit of v?
2
Let j(i) = -i**2 + 6*i + 4. Let h = 15 + -9. Suppose -h + 0 = -2*b. What is the tens digit of j(b)?
1
Let o(d) = d**3 - 2*d**2 - 2*d. Let x be o(3). What is the tens digit of (-15)/(-2)*4/x?
1
Suppose 0*r + 124 = 2*r. What is the units digit of r?
2
Let n be 3/3*1*3. Suppose 4 = -4*d + 4*v, -v - 2 = -n*d + 1. Suppose -7*o + 40 = -d*o. What is the units digit of o?
8
Let d(f) = -f**2 - 10*f - 8. What is the tens digit of d(-7)?
1
Let n be 8/(-6)*54/(-6). Suppose 0*j = -2*j + 4*f - n, 2*j + 3*f + 26 = 0. What is the units digit of 3 - (-5)/(j/(-24))?
5
Suppose y + 2*y = 0. Let z = 4 + y. What is the units digit of (z - -7) + -3 + 1?
9
Let k(y) = -3*y**3 - 2*y**2 + 10*y + 5. What is the hundreds digit of k(-4)?
1
Let m = 14 + -12. Let v(i) = i**2 - 6*i + 6. Let b be v(5). What is the tens digit of 10 + 0/m + b?
1
Let a = 17 - 13. Suppose -a = -5*k + 1. What is the units digit of k?
1
Let x(r) = r - 2. Let c be x(0). Suppose -8 = 5*w + 27. What is the units digit of (-1 + w)/(c - -1)?
8
Suppose -21 = -2*t + d, -2*d = -t - 0*d + 3. Let p = t + 0. What is the units digit of p?
3
Let l(s) = s - 1. Let m(u) = -5. Let g(c) = l(c) + m(c). Suppose -2*w - 2*h = -7*w + 50, 5*h = 2*w - 20. What is the units digit of g(w)?
4
Suppose 0 = 4*q + 2 - 30. Let b = 1 + q. What is the units digit of b?
8
Let x(r) = r**2 + 2*r. Let c be x(-4). Suppose -5*h = -c*h + 9. Let j = -2 + h. What is the units digit of j?
1
Suppose 2*b - 508 = -2*b. Suppose -3*m - 19 = -b. What is the units digit of m?
6
Let z be (3/6)/((-2)/(-12)). Suppose 3*b = -3*m + 108, 0 + z = m. What is the units digit of b?
3
Let x be (8/14)/((-6)/(-21)). Suppose -3*k + 5 = x*k. What is the tens digit of 1*(13 + -1 - k)?
1
Suppose 10 = -5*x, -4*h + x + 0*x = 6. What is the units digit of (-10)/((-64)/28 - h)?
5
What is the tens digit of 62/217 + (-866)/(-7)?
2
Let k(x) = 4 - x + x + 7*x - 4*x. What is the units digit of k(4)?
6
Let g = 110 - 67. What is the tens digit of g?
4
Let z(m) be the third derivative of m**6/120 + m**5/15 - m**4/3 - 7*m**3/6 - m**2. What is the units digit of z(-5)?
8
Suppose -4*b = -0*d + d + 35, 5*b = -2*d - 64. What is the units digit of (153/d)/((-1)/3)?
7
Let l be -14 + 2/(-4)*0. Let y = l + 25. What is the units digit of y?
1
Let c(j) be the third derivative of j**6/120 - j**5/60 + j**4/24 + 5*j**3/3 + 2*j**2. Let i = -6 + 6. What is the tens digit of c(i)?
1
Suppose 0 = -4*a - 3*y + 883, 5*a - 4*y - 450 - 615 = 0. What is the units digit of a?
7
Suppose -5*o - 7 + 27 = 0. Suppose o*v + 5*q - 56 = 0, -q - 32 = -4*v - 0*q. What is the units digit of v?
9
Suppose 0 = 5*d + 9 - 24. Let w be (-21)/d + (-3)/(-1). Let t = w - -7. What is the units digit of t?
3
Suppose 0 = -2*v + 4, 2*o + 12 = 4*o + v. Let h = o - 2. Suppose h*z = z + 8. What is the units digit of z?
4
Let b = 5 + 69. What is the units digit of b?
4
Suppose 5*o = 35 + 205. What is the units digit of o?
8
Let b = -6 - -14. Let w be (0/b)/(1*2). Suppose -2*f - 6*h + 5*h + 16 = w, -34 = -3*f + h. What is the units digit of f?
0
Suppose o = -3*n + 71, 3*o + 4*n - 227 = 2*n. What is the units digit of o?
7
Suppose 0 = 3*x + 2*x + 135. Let f = x - -12. Let l = -7 - f. What is the units digit of l?
8
Let d(x) = x**2 + 8*x + 9. Let b be ((-7)/(-3))/(2/(-6)). What is the units digit of d(b)?
2
Suppose 17*k - 306 = 918. What is the units digit of k?
2
Let j be 126*5/((-15)/(-2)). Suppose -o = 2*o - j. What is the units digit of o?
8
Let x be (2 + (-10)/4)*18. Let f be (3/2)/(x/12). What is the units digit of ((-36)/10 - f)*-5?
8
Suppose 6*b - 94 = 4*b. What is the units digit of b?
7
Let b = 95 - 62. Let a = 55 - b. What is the units digit of a?
2
Let k(s) = 6*s + 6. Let m(f) = -5*f - 5. Let o(t) = -6*k(t) - 7*m(t). What is the units digit of o(-5)?
4
Let r(j) = 2*j**2 + 3*j**2 - j**2 + j**3 + 1. What is the units digit of r(-3)?
0
Let k be -3*(-1 - 0)*1. What is the units digit of k/(-6) + (-19)/(-2)?
9
Let t(s) = 8*s**3 + s**2 + s - 4. What is the tens digit of t(2)?
6
What is the tens digit of ((-8)/10)/(2/(-80))?
3
Let v(h) = h**3 + 10*h**2 + 7*h + 9. Let s be v(-9). Let w be 369/s + (-1)/(-3). Let t = w - 8. What is the units digit of t?
6
Let r = 6 + -4. Let j = 4 - r. What is the units digit of j?
2
Suppose 3*r = 2*y - 23 + 4, -r = 4*y - 3. Suppose -y = -u + 13. What is the units digit of u?
5
Let f = -2 - 1. Let a(q) = -2*q + 4. Let z be a(5). What is the units digit of z/((f - -2)*2)?
3
Suppose 12*w - 2*i - 174 = 11*w, 0 = 3*w - i - 527. What is the units digit of w?
6
Let p = 2 + 8. Let u be (1 + 0 + 0)*18. Let a = u - p. What is the units digit of a?
8
Suppose 15 + 10 = -2*q - 5*h, q = -h - 5. Suppose 3*t + 2*r = 37, -5*t + 3*r + 49 = -q*t. What is the units digit of t?
1
Let t(n) = n**2 - 9*n + 12. Let q be t(8). Let x(y) = -5 - 6*y - y + q*y**2 - 3*y**2. What is the units digit of x(8)?
3
Let r be ((-2)/(-2 - 0))/(-1). Let n = r - -3. Let y = 0 + n. What is the units digit of y?
2
Suppose 3*q - 69 = 33. What is the units digit of q?
4
Let u = 23 - -40. What is the tens digit of u?
6
Let j = 4 - 4. Suppose -2 = -j*s - s. What is the units digit of 6/(0 - s) - -5?
2
Suppose 0 = 2*w - u - 9, 0 = -5*w + 7*u - 2*u + 35. Suppose -y = -6*k + k - 31, 0 = -2*y + 5*k + 47. Suppose -y = -w*s - 2*s. What is the units digit of s?
4
Let q = -5 + 83. Suppose 0 = 4*f - 3*t - q - 73, -4*f + 131 = t. What is the units digit of f?
4
Let k(q) = 3 + 0*q - q + 7. Let w be k(8). Suppose -4*h = w - 14. What is the units digit of h?
3
Let n(c) = 7*c**2 + 4*c - 4*c**3 - 2*c + 6*c**3 - 3*c**3 - 2. What is the units digit of n(3)?
0
Suppose -4*o - 4 = -a + 91, -2*a - 3*o = -135. What is the units digit of a?
5
Suppose 3*g = -5*j - 55, -3*j + 22 = -4*g - 3. Let i = -8 - g. What is the units digit of i?
2
Let s be ((-8)/3)/((-2)/3). Let f = 6 - s. Suppose g + f*g = 36. What is the tens digit of g?
1
Let m be (2/(-3) - 1)*-3. Let v(t) = -t**3 - 6*t**2 - 7*t - 7. Let a be v(-5). Suppose -a = w - m. What is the units digit of w?
2
Let f(j) = 2*j**3 - 5*j**2 + 2 - j**3 - 3*j - 2*j**3 + j**2. What is the tens digit of f(-4)?
1
Let d(u) = -u**3 - 9*u**2 - 7*u + 7. Let l be d(-8). Let f = -8 + 5. Let y = l - f. What is the units digit of y?
2
Let x(n) = -n - 2. Let z(c) = -c**2 - c - 3. Let r be z(0). What is the units digit of x(r)?
1
Suppose -3*y = -3*z + 2*z - 232, 0 = 5*y - 3*z - 388. What is the tens digit of y?
7
What is the units digit of 72/12*(-148)/(-6)?
8
What is the tens digit of (-3)/(-3)*-17*-3?
5
S